at are the prime factors of 11272?
2, 1409
What are the prime factors of 15582?
2, 3, 7, 53
List the prime factors of 4035.
3, 5, 269
List the prime factors of 1563.
3, 521
List the prime factors of 13897.
13, 1069
List the prime factors of 829.
829
What are the prime factors of 2227?
17, 131
List the prime factors of 2050.
2, 5, 41
List the prime factors of 606.
2, 3, 101
List the prime factors of 1696.
2, 53
List the prime factors of 47176.
2, 5897
What are the prime factors of 2891?
7, 59
What are the prime factors of 57218?
2, 7, 61, 67
What are the prime factors of 4365?
3, 5, 97
What are the prime factors of 2216?
2, 277
List the prime factors of 11524.
2, 43, 67
List the prime factors of 3233.
53, 61
List the prime factors of 1151.
1151
What are the prime factors of 3739?
3739
List the prime factors of 29922.
2, 3, 4987
List the prime factors of 7734.
2, 3, 1289
What are the prime factors of 45989?
45989
List the prime factors of 2541.
3, 7, 11
What are the prime factors of 23806?
2, 11903
What are the prime factors of 1899?
3, 211
List the prime factors of 133.
7, 19
What are the prime factors of 963?
3, 107
List the prime factors of 2285.
5, 457
List the prime factors of 1732.
2, 433
What are the prime factors of 16527?
3, 7, 787
List the prime factors of 178.
2, 89
List the prime factors of 2439.
3, 271
What are the prime factors of 9778?
2, 4889
List the prime factors of 1076.
2, 269
What are the prime factors of 6855?
3, 5, 457
What are the prime factors of 75350?
2, 5, 11, 137
What are the prime factors of 2153?
2153
What are the prime factors of 140038?
2, 70019
List the prime factors of 39617.
173, 229
List the prime factors of 488.
2, 61
List the prime factors of 27522.
2, 3, 11, 139
List the prime factors of 3484.
2, 13, 67
List the prime factors of 2363.
17, 139
List the prime factors of 78889.
78889
List the prime factors of 586.
2, 293
What are the prime factors of 6601?
7, 23, 41
List the prime factors of 10122.
2, 3, 7, 241
List the prime factors of 1053.
3, 13
What are the prime factors of 481?
13, 37
What are the prime factors of 45?
3, 5
List the prime factors of 47343.
3, 43, 367
List the prime factors of 454.
2, 227
List the prime factors of 12365.
5, 2473
List the prime factors of 3779.
3779
List the prime factors of 28793.
28793
List the prime factors of 72875.
5, 11, 53
List the prime factors of 11377.
31, 367
List the prime factors of 1976.
2, 13, 19
List the prime factors of 5659.
5659
List the prime factors of 114742.
2, 103, 557
What are the prime factors of 35280?
2, 3, 5, 7
What are the prime factors of 22389?
3, 17, 439
What are the prime factors of 30299?
41, 739
What are the prime factors of 9079?
7, 1297
What are the prime factors of 1597?
1597
What are the prime factors of 2946?
2, 3, 491
What are the prime factors of 942?
2, 3, 157
List the prime factors of 39424.
2, 7, 11
What are the prime factors of 911?
911
List the prime factors of 4869.
3, 541
List the prime factors of 8315.
5, 1663
List the prime factors of 2181.
3, 727
List the prime factors of 1330.
2, 5, 7, 19
List the prime factors of 29415.
3, 5, 37, 53
List the prime factors of 954.
2, 3, 53
List the prime factors of 2626.
2, 13, 101
List the prime factors of 5873.
7, 839
List the prime factors of 113.
113
List the prime factors of 1674.
2, 3, 31
List the prime factors of 9152.
2, 11, 13
List the prime factors of 645.
3, 5, 43
What are the prime factors of 27193?
71, 383
What are the prime factors of 751?
751
What are the prime factors of 2304?
2, 3
What are the prime factors of 73279?
127, 577
What are the prime factors of 1525?
5, 61
What are the prime factors of 7060?
2, 5, 353
What are the prime factors of 621?
3, 23
What are the prime factors of 7246?
2, 3623
What are the prime factors of 175774?
2, 87887
List the prime factors of 351.
3, 13
List the prime factors of 559.
13, 43
List the prime factors of 447.
3, 149
What are the prime factors of 801?
3, 89
What are the prime factors of 7178?
2, 37, 97
List the prime factors of 134425.
5, 19, 283
List the prime factors of 1247.
29, 43
List the prime factors of 25011.
3, 7, 397
What are the prime factors of 18200?
2, 5, 7, 13
List the prime factors of 1122.
2, 3, 11, 17
List the prime factors of 9623.
9623
List the prime factors of 12295.
5, 2459
What are the prime factors of 121?
11
What are the prime factors of 47?
47
List the prime factors of 21496.
2, 2687
List the prime factors of 1537.
29, 53
What are the prime factors of 2661?
3, 887
What are the prime factors of 15778?
2, 7, 23
List the prime factors of 52687.
19, 47, 59
List the prime factors of 883.
883
What are the prime factors of 90247?
90247
What are the prime factors of 140?
2, 5, 7
List the prime factors of 9131.
23, 397
What are the prime factors of 10749?
3, 3583
List the prime factors of 21695.
5, 4339
List the prime factors of 1949.
1949
What are the prime factors of 1563?
3, 521
What are the prime factors of 99603?
3, 7, 17, 31
List the prime factors of 146920.
2, 5, 3673
What are the prime factors of 17955?
3, 5, 7, 19
List the prime factors of 22635.
3, 5, 503
What are the prime factors of 10219?
11, 929
List the prime factors of 7741.
7741
What are the prime factors of 166747?
7, 41, 83
List the prime factors of 16183.
16183
List the prime factors of 8246.
2, 7, 19, 31
What are the prime factors of 3553?
11, 17, 19
What are the prime factors of 1032?
2, 3, 43
List the prime factors of 5944.
2, 743
What are the prime factors of 1025?
5, 41
List the prime factors of 6541.
31, 211
What are the prime factors of 805?
5, 7, 23
What are the prime factors of 1788?
2, 3, 149
List the prime factors of 1178.
2, 19, 31
What are the prime factors of 166097?
163, 1019
What are the prime factors of 528?
2, 3, 11
What are the prime factors of 15129?
3, 41
What are the prime factors of 1067?
11, 97
List the prime factors of 952.
2, 7, 17
What are the prime factors of 5376?
2, 3, 7
List the prime factors of 902.
2, 11, 41
List the prime factors of 122973.
3, 179, 229
List the prime factors of 1926.
2, 3, 107
What are the prime factors of 95?
5, 19
What are the prime factors of 809?
809
List the prime factors of 2339.
2339
List the prime factors of 3530.
2, 5, 353
List the prime factors of 1936.
2, 11
List the prime factors of 484.
2, 11
What are the prime factors of 50920?
2, 5, 19, 67
List the prime factors of 32588.
2, 8147
What are the prime factors of 25502?
2, 41, 311
List the prime factors of 666.
2, 3, 37
What are the prime factors of 3349?
17, 197
List the prime factors of 2201.
31, 71
What are the prime factors of 88775?
5, 53, 67
List the prime factors of 926.
2, 463
What are the prime factors of 10440?
2, 3, 5, 29
List the prime factors of 380.
2, 5, 19
List the prime factors of 5940.
2, 3, 5, 11
List the prime factors of 28035.
3, 5, 7, 89
List the prime factors of 1431.
3, 53
List the prime factors of 152467.
7, 23, 947
List the prime factors of 21892.
2, 13, 421
What are the prime factors of 8138?
2, 13, 313
What are the prime factors of 6816?
2, 3, 71
What are the prime factors of 19945?
5, 3989
What are the prime factors of 1858?
2, 929
What are the prime factors of 3219?
3, 29, 37
List the prime factors of 3197.
23, 139
What are the prime factors of 2248?
2, 281
What are the prime factors of 52513?
17, 3089
List the prime factors of 25244.
2, 6311
List the prime factors of 27289.
29, 941
What are the prime factors of 22214?
2, 29, 383
List the prime factors of 345.
3, 5, 23
List the prime factors of 1997.
1997
List the prime factors of 915.
3, 5, 61
List the prime factors of 1169.
7, 167
List the prime factors of 55776.
2, 3, 7, 83
List the prime factors of 288.
2, 3
What are the prime factors of 202?
2, 101
What are the prime factors of 4906?
2, 11, 223
What are the prime factors of 869?
11, 79
What are the prime factors of 161?
7, 23
What are the prime factors of 2026?
2, 1013
List the prime factors of 7176.
2, 3, 13, 23
What are the prime factors of 45070?
2, 5, 4507
What are the prime factors of 11878?
2, 5939
What are the prime factors of 1605?
3, 5, 107
What are the prime factors of 526?
2, 263
List the prime factors of 3284.
2, 821
List the prime factors of 170.
2, 5, 17
List the prime factors of 961.
